{"id":8630,"date":"2025-12-30T15:13:03","date_gmt":"2025-12-30T13:13:03","guid":{"rendered":"https:\/\/prein.fi\/?post_type=events&#038;p=8630"},"modified":"2025-12-30T15:15:58","modified_gmt":"2025-12-30T13:15:58","slug":"tiedon-valoa-tiedetapahtuma-23-24-1-2026","status":"publish","type":"events","link":"https:\/\/prein.fi\/fi\/tapahtumat\/tiedon-valoa-tiedetapahtuma-23-24-1-2026\/","title":{"rendered":"Tiedon valoa -tiedetapahtuma 23.-24.1.2026"},"content":{"rendered":"\n<figure class=\"wp-block-image size-large\"><img decoding=\"async\" width=\"1024\" height=\"460\" src=\"https:\/\/prein.fi\/wp-content\/uploads\/2025\/12\/tiedon-valoa-2026-1024x460.png\" alt=\"\" class=\"wp-image-8631\" srcset=\"https:\/\/prein.fi\/wp-content\/uploads\/2025\/12\/tiedon-valoa-2026-1024x460.png 1024w, https:\/\/prein.fi\/wp-content\/uploads\/2025\/12\/tiedon-valoa-2026-300x135.png 300w, https:\/\/prein.fi\/wp-content\/uploads\/2025\/12\/tiedon-valoa-2026-768x345.png 768w, https:\/\/prein.fi\/wp-content\/uploads\/2025\/12\/tiedon-valoa-2026.png 1483w\" sizes=\"(max-width: 1024px) 100vw, 1024px\" \/><\/figure>\n\n\n\n<h5 class=\"wp-block-heading\">Tiedon valoa -tapahtuma tarjoaa oivalluksia ja el\u00e4myksi\u00e4 kaikenik\u00e4isille tieteen, tutkitun tiedon ja kulttuurin yst\u00e4ville<\/h5>\n\n\n\n<p>Tule mukaan tiedett\u00e4 ja taidetta yhdist\u00e4v\u00e4\u00e4n Tiedon valoa -tapahtumaan Tampereen yliopiston keskustakampukselle perjantaina 23.1. ja lauantaina 24. tammikuuta 2026.<\/p>\n\n\n\n<p>Kuulet luentoja ja keskusteluja Ik\u00e4\u00e4ntymisen iloista, taiteen voimasta Ukrainan sodan aikana sek\u00e4 fysiikan ja kemian Nobel-palkinnoista tai annat musiikin puhutella muun muassa V\u00e4rien tanssia -konsertissa. Lauantain ohjelma huipentuu kulttuuri-ikoni Seela Sellan haastattelulla, haastateelijana Ruben Stiller.<\/p>\n\n\n\n<p>Tarjolla on lis\u00e4ksi esittelypisteit\u00e4 roboteista kirjanmyyntiin sek\u00e4 monipuolista muutakin oheisohjelmaa.<\/p>\n\n\n\n<p>Tapahtumaan on vapaa p\u00e4\u00e4sy.<\/p>\n\n\n\n<p>Perjantaina kutsumme paikalle koululaisia ja lauantaina ovet ovat avoinna kaikille tieteest\u00e4, tutkimuksesta ja kulttuurista kiinnostuneille. Perjantaina paikalla on my\u00f6s Poliisiammattikorkeakoulun osasto.<\/p>\n\n\n\n<div class=\"wp-block-buttons is-layout-flex wp-block-buttons-is-layout-flex\">\n<div class=\"wp-block-button\"><a class=\"wp-block-button__link wp-element-button\" href=\"https:\/\/events.tuni.fi\/tiedonvaloa\/\" target=\"_blank\" rel=\"noreferrer noopener\">Lue lis\u00e4\u00e4 tapahtuman ohjelmasta t\u00e4\u00e4lt\u00e4<\/a><\/div>\n<\/div>\n\n\n\n<p><\/p>\n\n\n\n<p>Ovakudoksia, jotka ovat my\u00f6s verisuonitettu ja hermotettu. <a href=\"https:\/\/www.tuni.fi\/fi\/tutkimus\/monikudosmallintamisen-huippuyksikko\">Lue lis\u00e4\u00e4 Monikudosmallintamisen huippuyksik\u00f6st\u00e4<\/a><\/p>\n","protected":false},"excerpt":{"rendered":"<p>Tiedon valoa -tapahtuma tarjoaa oivalluksia ja el\u00e4myksi\u00e4 kaikenik\u00e4isille tieteen, tutkitun tiedon ja kulttuurin yst\u00e4ville Tule mukaan tiedett\u00e4 ja taidetta yhdist\u00e4v\u00e4\u00e4n Tiedon valoa -tapahtumaan Tampereen yliopiston keskustakampukselle perjantaina 23.1. ja lauantaina 24. tammikuuta 2026. Kuulet luentoja ja keskusteluja Ik\u00e4\u00e4ntymisen iloista, taiteen voimasta Ukrainan sodan aikana sek\u00e4 fysiikan ja kemian Nobel-palkinnoista tai annat musiikin puhutella muun muassa [&hellip;]<\/p>\n","protected":false},"featured_media":8631,"template":"","class_list":["post-8630","events","type-events","status-publish","has-post-thumbnail","hentry"],"acf":[],"aioseo_notices":[],"_links":{"self":[{"href":"https:\/\/prein.fi\/fi\/wp-json\/wp\/v2\/events\/8630","targetHints":{"allow":["GET"]}}],"collection":[{"href":"https:\/\/prein.fi\/fi\/wp-json\/wp\/v2\/events"}],"about":[{"href":"https:\/\/prein.fi\/fi\/wp-json\/wp\/v2\/types\/events"}],"wp:featuredmedia":[{"embeddable":true,"href":"https:\/\/prein.fi\/fi\/wp-json\/wp\/v2\/media\/8631"}],"wp:attachment":[{"href":"https:\/\/prein.fi\/fi\/wp-json\/wp\/v2\/media?parent=8630"}],"curies":[{"name":"wp","href":"https:\/\/api.w.org\/{rel}","templated":true}]}}

<figure class="wp-block-image size-large"><img decoding="async" width="1024" height="460" src="https://prein.fi/wp-content/uploads/2025/12/tiedon-valoa-2026-1024x460.png" alt="" class="wp-image-8631" srcset="https://prein.fi/wp-content/uploads/2025/12/tiedon-valoa-2026-1024x460.png 1024w, https://prein.fi/wp-content/uploads/2025/12/tiedon-valoa-2026-300x135.png 300w, https://prein.fi/wp-content/uploads/2025/12/tiedon-valoa-2026-768x345.png 768w, https://prein.fi/wp-content/uploads/2025/12/tiedon-valoa-2026.png 1483w" sizes="(max-width: 1024px) 100vw, 1024px" /></figure>



<h5 class="wp-block-heading">Tiedon valoa -tapahtuma tarjoaa oivalluksia ja elämyksiä kaikenikäisille tieteen, tutkitun tiedon ja kulttuurin ystäville</h5>



<p>Tule mukaan tiedettä ja taidetta yhdistävään Tiedon valoa -tapahtumaan Tampereen yliopiston keskustakampukselle perjantaina 23.1. ja lauantaina 24. tammikuuta 2026.</p>



<p>Kuulet luentoja ja keskusteluja Ikääntymisen iloista, taiteen voimasta Ukrainan sodan aikana sekä fysiikan ja kemian Nobel-palkinnoista tai annat musiikin puhutella muun muassa Värien tanssia -konsertissa. Lauantain ohjelma huipentuu kulttuuri-ikoni Seela Sellan haastattelulla, haastateelijana Ruben Stiller.</p>



<p>Tarjolla on lisäksi esittelypisteitä roboteista kirjanmyyntiin sekä monipuolista muutakin oheisohjelmaa.</p>



<p>Tapahtumaan on vapaa pääsy.</p>



<p>Perjantaina kutsumme paikalle koululaisia ja lauantaina ovet ovat avoinna kaikille tieteestä, tutkimuksesta ja kulttuurista kiinnostuneille. Perjantaina paikalla on myös Poliisiammattikorkeakoulun osasto.</p>



<div class="wp-block-buttons is-layout-flex wp-block-buttons-is-layout-flex">
<div class="wp-block-button"><a class="wp-block-button__link wp-element-button" href="https://events.tuni.fi/tiedonvaloa/" target="_blank" rel="noreferrer noopener">Lue lisää tapahtuman ohjelmasta täältä</a></div>
</div>



<p></p>



<p>Ovakudoksia, jotka ovat myös verisuonitettu ja hermotettu. <a href="https://www.tuni.fi/fi/tutkimus/monikudosmallintamisen-huippuyksikko">Lue lisää Monikudosmallintamisen huippuyksiköstä</a></p>

<p>Tiedon valoa -tapahtuma tarjoaa oivalluksia ja elämyksiä kaikenikäisille tieteen, tutkitun tiedon ja kulttuurin ystäville Tule mukaan tiedettä ja taidetta yhdistävään Tiedon valoa -tapahtumaan Tampereen yliopiston keskustakampukselle perjantaina 23.1. ja lauantaina 24. tammikuuta 2026. Kuulet luentoja ja keskusteluja Ikääntymisen iloista, taiteen voimasta Ukrainan sodan aikana sekä fysiikan ja kemian Nobel-palkinnoista tai annat musiikin puhutella muun muassa [&hellip;]</p>
