{"id":4674,"date":"2023-10-24T13:19:44","date_gmt":"2023-10-24T10:19:44","guid":{"rendered":"https:\/\/prein.fi\/?page_id=4674"},"modified":"2025-07-17T16:48:12","modified_gmt":"2025-07-17T13:48:12","slug":"valon-viikko-2021","status":"publish","type":"page","link":"https:\/\/prein.fi\/fi\/tiedekasvatus\/valon-viikko-2021\/","title":{"rendered":"Valon viikko 2021"},"content":{"rendered":"\n<figure class=\"wp-block-image size-large\"><img decoding=\"async\" width=\"1024\" height=\"375\" src=\"https:\/\/prein.fi\/wp-content\/uploads\/2023\/11\/valon-viikko-banneri-logot-1024x375.jpg\" alt=\"\" class=\"wp-image-6583\" srcset=\"https:\/\/prein.fi\/wp-content\/uploads\/2023\/11\/valon-viikko-banneri-logot-1024x375.jpg 1024w, https:\/\/prein.fi\/wp-content\/uploads\/2023\/11\/valon-viikko-banneri-logot-300x110.jpg 300w, https:\/\/prein.fi\/wp-content\/uploads\/2023\/11\/valon-viikko-banneri-logot-768x281.jpg 768w, https:\/\/prein.fi\/wp-content\/uploads\/2023\/11\/valon-viikko-banneri-logot-1536x562.jpg 1536w, https:\/\/prein.fi\/wp-content\/uploads\/2023\/11\/valon-viikko-banneri-logot.jpg 1640w\" sizes=\"(max-width: 1024px) 100vw, 1024px\" \/><\/figure>\n\n\n\n<h2 class=\"wp-block-heading\">Valon viikko 2021<\/h2>\n\n\n\n<p>Haluamme yhdess\u00e4 juhlistaa kansainv\u00e4list\u00e4 valon p\u00e4iv\u00e4\u00e4 (<a href=\"https:\/\/www.lightday.org\/about\" target=\"_blank\" rel=\"noopener\" title=\"\">International Day of Light<\/a>), jota vietet\u00e4\u00e4n vuosittain 16.5. tarjoamalla lapsille ja nuorille valoon ja valon tutkimukseen liittyvi\u00e4 tiedety\u00f6pajoja ja ohjelmaa. Valon tutkimus eli fotoniikka liittyy fysiikkaan, kemiaan ja moniin luonnon ilmi\u00f6ihin ja sill\u00e4 on lukematon m\u00e4\u00e4r\u00e4 sovelluksia tekniikan alalla.<\/p>\n\n\n\n<p>Fotoniikan lippulaiva PREIN ja LUMA-toimijat&nbsp;<a href=\"https:\/\/sites.tuni.fi\/juniversity\/\" target=\"_blank\" rel=\"noopener\" title=\"\">Juniversity,<\/a>&nbsp;<a href=\"https:\/\/www.aalto.fi\/fi\/aalto-yliopisto-junior\" target=\"_blank\" rel=\"noopener\" title=\"\">Aalto Junior<\/a>&nbsp;ja&nbsp;<a href=\"https:\/\/luma.uef.fi\/\" target=\"_blank\" rel=\"noopener\" title=\"\">It\u00e4-Suomen yliopiston LUMA-keskus<\/a>&nbsp;yhdess\u00e4 j\u00e4rjestiv\u00e4t lapsille ja nuorille suunnattua ohjelmaa, ohjattuja verkkoty\u00f6pajoja ja tutkimuksen esittelyj\u00e4 10.-12.5.2021. Vuoden 2021 ohjelma oli my\u00f6s osa Tutkitun tiedon teemavuotta.<\/p>\n\n\n\n<p><strong>Vuoden 2022 Valon viikkoa vietet\u00e4\u00e4n 16.-18.5.2022. Tarkempi ohjelma julkaistaan huhtikuun alussa.<\/strong><br>N\u00e4ille sivuille on ker\u00e4tty my\u00f6s erilaisia&nbsp;<a href=\"https:\/\/prein.fi\/fi\/tiedekasvatus\/valoon-liittyvia-tehtavia-itsenaiseen-opiskeluun\/\" target=\"_blank\" rel=\"noopener\" title=\"Valoon liittyvi\u00e4 teht\u00e4vi\u00e4 itsen\u00e4iseen opiskeluun\">valoon liittyvi\u00e4 itsen\u00e4isesti toteutettavia teht\u00e4vi\u00e4<\/a>.<\/p>\n\n\n\n<h2 class=\"wp-block-heading\">Virtuaality\u00f6pajat<\/h2>\n\n\n\n<p>Esiopetukseen, alakouluille, yl\u00e4kouluille, yl\u00e4kouluille ja toiselle asteelle<\/p>\n\n\n\n<p>HUOM! Ty\u00f6pajoihin omat erilliset ilmoittautumisk\u00e4yt\u00e4nt\u00f6ns\u00e4, Katso ty\u00f6pajan ilmoittatumisohjeet kyseisen ty\u00f6pajan ohjeista.&nbsp;<\/p>\n\n\n\n<h2 class=\"wp-block-heading\"><a>Esiopetukseen&nbsp;&nbsp;<\/a><\/h2>\n\n\n\n<p>Juniversityn ty\u00f6paja&nbsp;<em>Hehkun v\u00e4rikk\u00e4\u00e4t tunteet&nbsp;<\/em><br><em>Yst\u00e4v\u00e4mme Hehku on h\u00e4mmentynyt. H\u00e4n ilmaisee tunteensa eri v\u00e4rein, mutta h\u00e4n ei tunnista mik\u00e4 v\u00e4ri tarkoittaa mit\u00e4kin tunnetta. Hehkun lempiasia maailmassa on valo. Voisimmeko valon ilmi\u00f6it\u00e4 tutkimalla tuoda Hehkun tunteet esiin ja auttaa h\u00e4nt\u00e4 nime\u00e4m\u00e4\u00e4n niit\u00e4? Hypp\u00e4\u00e4 mukaan hauskaan ja toiminnalliseen et\u00e4ohjattuun ty\u00f6pajaan Tampereen yliopiston Juniversityn ohjaajien ja Hehkun kanssa.<\/em><\/p>\n\n\n\n<p><\/p>\n","protected":false},"excerpt":{"rendered":"<p>Valon viikko 2021 Haluamme yhdess\u00e4 juhlistaa kansainv\u00e4list\u00e4 valon p\u00e4iv\u00e4\u00e4 (International Day of Light), jota vietet\u00e4\u00e4n vuosittain 16.5. tarjoamalla lapsille ja nuorille valoon ja valon tutkimukseen liittyvi\u00e4 tiedety\u00f6pajoja ja ohjelmaa. Valon tutkimus eli fotoniikka liittyy fysiikkaan, kemiaan ja moniin luonnon ilmi\u00f6ihin ja sill\u00e4 on lukematon m\u00e4\u00e4r\u00e4 sovelluksia tekniikan alalla. Fotoniikan lippulaiva PREIN ja LUMA-toimijat&nbsp;Juniversity,&nbsp;Aalto Junior&nbsp;ja&nbsp;It\u00e4-Suomen yliopiston [&hellip;]<\/p>\n","protected":false},"author":4,"featured_media":0,"parent":4666,"menu_order":3,"comment_status":"closed","ping_status":"closed","template":"","meta":{"_acf_changed":false,"footnotes":""},"class_list":["post-4674","page","type-page","status-publish","hentry"],"acf":[],"aioseo_notices":[],"_links":{"self":[{"href":"https:\/\/prein.fi\/fi\/wp-json\/wp\/v2\/pages\/4674","targetHints":{"allow":["GET"]}}],"collection":[{"href":"https:\/\/prein.fi\/fi\/wp-json\/wp\/v2\/pages"}],"about":[{"href":"https:\/\/prein.fi\/fi\/wp-json\/wp\/v2\/types\/page"}],"author":[{"embeddable":true,"href":"https:\/\/prein.fi\/fi\/wp-json\/wp\/v2\/users\/4"}],"replies":[{"embeddable":true,"href":"https:\/\/prein.fi\/fi\/wp-json\/wp\/v2\/comments?post=4674"}],"version-history":[{"count":0,"href":"https:\/\/prein.fi\/fi\/wp-json\/wp\/v2\/pages\/4674\/revisions"}],"up":[{"embeddable":true,"href":"https:\/\/prein.fi\/fi\/wp-json\/wp\/v2\/pages\/4666"}],"wp:attachment":[{"href":"https:\/\/prein.fi\/fi\/wp-json\/wp\/v2\/media?parent=4674"}],"curies":[{"name":"wp","href":"https:\/\/api.w.org\/{rel}","templated":true}]}}

<figure class="wp-block-image size-large"><img decoding="async" width="1024" height="375" src="https://prein.fi/wp-content/uploads/2023/11/valon-viikko-banneri-logot-1024x375.jpg" alt="" class="wp-image-6583" srcset="https://prein.fi/wp-content/uploads/2023/11/valon-viikko-banneri-logot-1024x375.jpg 1024w, https://prein.fi/wp-content/uploads/2023/11/valon-viikko-banneri-logot-300x110.jpg 300w, https://prein.fi/wp-content/uploads/2023/11/valon-viikko-banneri-logot-768x281.jpg 768w, https://prein.fi/wp-content/uploads/2023/11/valon-viikko-banneri-logot-1536x562.jpg 1536w, https://prein.fi/wp-content/uploads/2023/11/valon-viikko-banneri-logot.jpg 1640w" sizes="(max-width: 1024px) 100vw, 1024px" /></figure>



<h2 class="wp-block-heading">Valon viikko 2021</h2>



<p>Haluamme yhdessä juhlistaa kansainvälistä valon päivää (<a href="https://www.lightday.org/about" target="_blank" rel="noopener" title="">International Day of Light</a>), jota vietetään vuosittain 16.5. tarjoamalla lapsille ja nuorille valoon ja valon tutkimukseen liittyviä tiedetyöpajoja ja ohjelmaa. Valon tutkimus eli fotoniikka liittyy fysiikkaan, kemiaan ja moniin luonnon ilmiöihin ja sillä on lukematon määrä sovelluksia tekniikan alalla.</p>



<p>Fotoniikan lippulaiva PREIN ja LUMA-toimijat&nbsp;<a href="https://sites.tuni.fi/juniversity/" target="_blank" rel="noopener" title="">Juniversity,</a>&nbsp;<a href="https://www.aalto.fi/fi/aalto-yliopisto-junior" target="_blank" rel="noopener" title="">Aalto Junior</a>&nbsp;ja&nbsp;<a href="https://luma.uef.fi/" target="_blank" rel="noopener" title="">Itä-Suomen yliopiston LUMA-keskus</a>&nbsp;yhdessä järjestivät lapsille ja nuorille suunnattua ohjelmaa, ohjattuja verkkotyöpajoja ja tutkimuksen esittelyjä 10.-12.5.2021. Vuoden 2021 ohjelma oli myös osa Tutkitun tiedon teemavuotta.</p>



<p><strong>Vuoden 2022 Valon viikkoa vietetään 16.-18.5.2022. Tarkempi ohjelma julkaistaan huhtikuun alussa.</strong><br>Näille sivuille on kerätty myös erilaisia&nbsp;<a href="https://prein.fi/fi/tiedekasvatus/valoon-liittyvia-tehtavia-itsenaiseen-opiskeluun/" target="_blank" rel="noopener" title="Valoon liittyviä tehtäviä itsenäiseen opiskeluun">valoon liittyviä itsenäisesti toteutettavia tehtäviä</a>.</p>



<h2 class="wp-block-heading">Virtuaalityöpajat</h2>



<p>Esiopetukseen, alakouluille, yläkouluille, yläkouluille ja toiselle asteelle</p>



<p>HUOM! Työpajoihin omat erilliset ilmoittautumiskäytäntönsä, Katso työpajan ilmoittatumisohjeet kyseisen työpajan ohjeista.&nbsp;</p>



<h2 class="wp-block-heading"><a>Esiopetukseen&nbsp;&nbsp;</a></h2>



<p>Juniversityn työpaja&nbsp;<em>Hehkun värikkäät tunteet&nbsp;</em><br><em>Ystävämme Hehku on hämmentynyt. Hän ilmaisee tunteensa eri värein, mutta hän ei tunnista mikä väri tarkoittaa mitäkin tunnetta. Hehkun lempiasia maailmassa on valo. Voisimmeko valon ilmiöitä tutkimalla tuoda Hehkun tunteet esiin ja auttaa häntä nimeämään niitä? Hyppää mukaan hauskaan ja toiminnalliseen etäohjattuun työpajaan Tampereen yliopiston Juniversityn ohjaajien ja Hehkun kanssa.</em></p>



<p></p>

<p>Valon viikko 2021 Haluamme yhdessä juhlistaa kansainvälistä valon päivää (International Day of Light), jota vietetään vuosittain 16.5. tarjoamalla lapsille ja nuorille valoon ja valon tutkimukseen liittyviä tiedetyöpajoja ja ohjelmaa. Valon tutkimus eli fotoniikka liittyy fysiikkaan, kemiaan ja moniin luonnon ilmiöihin ja sillä on lukematon määrä sovelluksia tekniikan alalla. Fotoniikan lippulaiva PREIN ja LUMA-toimijat&nbsp;Juniversity,&nbsp;Aalto Junior&nbsp;ja&nbsp;Itä-Suomen yliopiston [&hellip;]</p>
